{"id":407,"date":"2025-08-20T15:16:22","date_gmt":"2025-08-20T13:16:22","guid":{"rendered":"http:\/\/s1060402292.online.de\/?page_id=407"},"modified":"2026-03-04T09:01:36","modified_gmt":"2026-03-04T08:01:36","slug":"kontakt","status":"publish","type":"page","link":"https:\/\/metrope.at\/naxeon\/kontakt\/","title":{"rendered":"Kontakt"},"content":{"rendered":"<p>[et_pb_section fb_built=&#8220;1&#8243; _builder_version=&#8220;4.27.4&#8243; _module_preset=&#8220;default&#8220; background_color=&#8220;#000000&#8243; global_colors_info=&#8220;{}&#8220;][et_pb_row _builder_version=&#8220;4.27.4&#8243; _module_preset=&#8220;default&#8220; custom_margin=&#8220;0px||||false|false&#8220; custom_padding=&#8220;0px||||false|false&#8220; global_colors_info=&#8220;{}&#8220;][et_pb_column type=&#8220;4_4&#8243; _builder_version=&#8220;4.27.4&#8243; _module_preset=&#8220;default&#8220; global_colors_info=&#8220;{}&#8220;][et_pb_blurb title=&#8220;Kontakt&#8220; image=&#8220;https:\/\/metrope.at\/naxeon\/wp-content\/uploads\/2025\/08\/naxeon-store.jpg&#8220; alt=&#8220;Metrope Shop inside&#8220; content_max_width=&#8220;327px&#8220; _builder_version=&#8220;4.27.4&#8243; _module_preset=&#8220;default&#8220; header_font_size=&#8220;2.5rem&#8220; body_font_size=&#8220;1.2rem&#8220; body_line_height=&#8220;1.9em&#8220; background_color=&#8220;#000000&#8243; custom_margin=&#8220;||0px||false|false&#8220; custom_padding=&#8220;||0px||false|false&#8220; global_colors_info=&#8220;{}&#8220;]<\/p>\n<p>Metrope Mobility GmbH<br \/>Heiligenst\u00e4dter Stra\u00dfe 82\/19\/R01<br \/>1190 Wien<br \/>\u00d6sterreich<\/p>\n<p>Telefon: +43\u202f(0) 660 3146198<\/p>\n<p><span>E-Mail: <span style=\"color: #00ccff;\"><a href=\"mailto:servus@niu-vienna.at\" style=\"color: #00ccff;\">servus@metrope.at<\/a><\/span><\/span><\/p>\n<p><span><strong>\u00d6ffnungszeiten:<\/strong><br \/>Mittwoch: 10 &#8211; 17 Uhr<br \/><\/span><span>Donnerstag: 10 &#8211; 19 Uhr<br \/><\/span><span>Freitag: 10 &#8211; 19 Uhr<br \/>Samstag: 10 &#8211; 14 Uhr<br \/><\/span><span>\u00a0<\/span><\/p>\n<p>[\/et_pb_blurb][et_pb_blurb alt=&#8220;Metrope Shop inside&#8220; content_max_width_tablet=&#8220;&#8220; content_max_width_phone=&#8220;&#8220; content_max_width_last_edited=&#8220;on|desktop&#8220; _builder_version=&#8220;4.27.4&#8243; _module_preset=&#8220;default&#8220; header_font_size=&#8220;2.5rem&#8220; body_font_size=&#8220;1.2rem&#8220; body_line_height=&#8220;1.9em&#8220; background_color=&#8220;#000000&#8243; custom_margin=&#8220;0px||0px||false|false&#8220; custom_padding=&#8220;0px||0px||false|false&#8220; global_colors_info=&#8220;{}&#8220;]<\/p>\n<p><span><strong>Anfahrt:<\/strong><br \/>\u00d6ffentlich erreichbar \u00fcber Wien Heiligenstadt (U4, S-Bahn, D-Wagen, Bus 5B, 10A, 38A, 39A, 11A, \u00d6BB). Vom Bahnhof Heiligenstadt ca. 5 Minuten zu Fu\u00df auf der Heiligenst\u00e4dter Stra\u00dfe stadteinw\u00e4rts.<br \/><\/span><\/p>\n<p><span>\u00a0<\/span><\/p>\n<p>[\/et_pb_blurb][et_pb_code _builder_version=&#8220;4.27.4&#8243; _module_preset=&#8220;default&#8220; width=&#8220;550px&#8220; max_width=&#8220;95%&#8220; custom_margin=&#8220;0px|auto|0px|auto|false|false&#8220; locked=&#8220;off&#8220; global_colors_info=&#8220;{}&#8220;]<iframe src=\"https:\/\/www.google.com\/maps\/embed?pb=!1m18!1m12!1m3!1d5313.763432472173!2d16.3620718014671!3d48.24740436107098!2m3!1f0!2f0!3f0!3m2!1i1024!2i768!4f13.1!3m3!1m2!1s0x476d063b9cb41fb1%3A0x42488dbb4958145e!2sMetrope%20Mobility%20GmbH!5e0!3m2!1sde!2sat!4v1753265265721!5m2!1sde!2sat\" width=\"600\" height=\"450\" style=\"border:0;\" allowfullscreen=\"\" loading=\"lazy\" referrerpolicy=\"no-referrer-when-downgrade\"><\/iframe>[\/et_pb_code][\/et_pb_column][\/et_pb_row][\/et_pb_section]<\/p>\n","protected":false},"excerpt":{"rendered":"<p>Metrope Mobility GmbHHeiligenst\u00e4dter Stra\u00dfe 82\/19\/R011190 Wien\u00d6sterreich Telefon: +43\u202f(0) 660 3146198 E-Mail: servus@metrope.at \u00d6ffnungszeiten:Mittwoch: 10 &#8211; 17 UhrDonnerstag: 10 &#8211; 19 UhrFreitag: 10 &#8211; 19 UhrSamstag: 10 &#8211; 14 Uhr\u00a0Anfahrt:\u00d6ffentlich erreichbar \u00fcber Wien Heiligenstadt (U4, S-Bahn, D-Wagen, Bus 5B, 10A, 38A, 39A, 11A, \u00d6BB). Vom Bahnhof Heiligenstadt ca. 5 Minuten zu Fu\u00df auf der Heiligenst\u00e4dter Stra\u00dfe [&hellip;]<\/p>\n","protected":false},"author":1,"featured_media":0,"parent":0,"menu_order":0,"comment_status":"closed","ping_status":"closed","template":"","meta":{"_et_pb_use_builder":"on","_et_pb_old_content":"","_et_gb_content_width":"","footnotes":""},"class_list":["post-407","page","type-page","status-publish","hentry"],"_links":{"self":[{"href":"https:\/\/metrope.at\/naxeon\/wp-json\/wp\/v2\/pages\/407","targetHints":{"allow":["GET"]}}],"collection":[{"href":"https:\/\/metrope.at\/naxeon\/wp-json\/wp\/v2\/pages"}],"about":[{"href":"https:\/\/metrope.at\/naxeon\/wp-json\/wp\/v2\/types\/page"}],"author":[{"embeddable":true,"href":"https:\/\/metrope.at\/naxeon\/wp-json\/wp\/v2\/users\/1"}],"replies":[{"embeddable":true,"href":"https:\/\/metrope.at\/naxeon\/wp-json\/wp\/v2\/comments?post=407"}],"version-history":[{"count":8,"href":"https:\/\/metrope.at\/naxeon\/wp-json\/wp\/v2\/pages\/407\/revisions"}],"predecessor-version":[{"id":493,"href":"https:\/\/metrope.at\/naxeon\/wp-json\/wp\/v2\/pages\/407\/revisions\/493"}],"wp:attachment":[{"href":"https:\/\/metrope.at\/naxeon\/wp-json\/wp\/v2\/media?parent=407"}],"curies":[{"name":"wp","href":"https:\/\/api.w.org\/{rel}","templated":true}]}}